{"id":11226,"date":"2021-05-11T15:06:10","date_gmt":"2021-05-11T13:06:10","guid":{"rendered":"https:\/\/www.cieffeplast.com\/prodotto\/fascette-con-occhiello\/"},"modified":"2026-04-01T09:52:56","modified_gmt":"2026-04-01T07:52:56","slug":"abracadeiras-com-olhal","status":"publish","type":"product","link":"https:\/\/www.cieffeplast.com\/pt-pt\/produto\/abracadeiras-com-olhal\/","title":{"rendered":"Abra\u00e7adeiras com olhal"},"content":{"rendered":"\t\t<div data-elementor-type=\"wp-post\" data-elementor-id=\"11226\" class=\"elementor elementor-11226 elementor-6056\">\n\t\t\t\t\t\t<section class=\"elementor-section elementor-top-section elementor-element elementor-element-260e4f55 elementor-section-boxed elementor-section-height-default elementor-section-height-default qodef-elementor-content-no\" data-id=\"260e4f55\" data-element_type=\"section\">\n\t\t\t\t\t\t<div class=\"elementor-container elementor-column-gap-default\">\n\t\t\t\t\t<div class=\"elementor-column elementor-col-100 elementor-top-column elementor-element elementor-element-63f9c533\" data-id=\"63f9c533\" data-element_type=\"column\">\n\t\t\t<div class=\"elementor-widget-wrap elementor-element-populated\">\n\t\t\t\t\t\t<div class=\"elementor-element elementor-element-46af96b2 elementor-widget elementor-widget-text-editor\" data-id=\"46af96b2\" data-element_type=\"widget\" data-widget_type=\"text-editor.default\">\n\t\t\t\t<div class=\"elementor-widget-container\">\n\t\t\t\t\t\t\t\t\tLorem ipsum dolor sit amet, consectetur adipiscing elit. Vestibulum tempus enim massa, sed finibus leo consectetur a. Fusce quis vulputate urna, sed iaculis ante. Etiam ultricies nunc augue, non ultrices arcu euismod non. Quisque id magna aliquet, dignissim turpis nec, mollis est. Cras vitae est rhoncus<em><strong>. <\/strong><\/em>Lorem ipsum dolor sit amet, consectetur adipiscing elit. Donec ac imperdiet nisi. Etiam egestas consequat elit non dictum. Suspendisse convallis elit\t\t\t\t\t\t\t\t<\/div>\n\t\t\t\t<\/div>\n\t\t\t\t\t<\/div>\n\t\t<\/div>\n\t\t\t\t\t<\/div>\n\t\t<\/section>\n\t\t\t\t<\/div>\n\t\t","protected":false},"excerpt":{"rendered":"<p><strong>ABRA\u00c7ADEIRAS COM OLHAL<\/strong><\/p>\n<p>As abra\u00e7adeiras de cablagem produzidas em PA6.6 em cor natural recomendam-se para fixa\u00e7\u00e3o atrav\u00e9s de um parafuso em qualquer suporte, como um painel. Recomendadas para quadros de distribui\u00e7\u00e3o, fixa\u00e7\u00f5es tempor\u00e1rias e cablagem especial.<\/p>\n<p>Atrav\u00e9s do sistema de acoplamento entre dente e cremalheira, permitem a fixa\u00e7\u00e3o de v\u00e1rios di\u00e2metros.<\/p>\n<p>Em caso de aplica\u00e7\u00e3o com o uso de uma ferramenta, recomenda-se o ajuste correto da tens\u00e3o da mesma proporcionalmente ao tamanho da abra\u00e7adeira.<\/p>\n","protected":false},"featured_media":11228,"template":"","meta":{"_acf_changed":false,"_sitemap_exclude":false,"_sitemap_priority":"","_sitemap_frequency":""},"product_brand":[],"product_cat":[876],"product_tag":[],"class_list":{"0":"post-11226","1":"product","2":"type-product","3":"status-publish","4":"has-post-thumbnail","6":"product_cat-abracadeiras","8":"first","9":"instock","10":"shipping-taxable","11":"purchasable","12":"product-type-variable","13":"has-default-attributes"},"acf":[],"_links":{"self":[{"href":"https:\/\/www.cieffeplast.com\/pt-pt\/wp-json\/wp\/v2\/product\/11226","targetHints":{"allow":["GET"]}}],"collection":[{"href":"https:\/\/www.cieffeplast.com\/pt-pt\/wp-json\/wp\/v2\/product"}],"about":[{"href":"https:\/\/www.cieffeplast.com\/pt-pt\/wp-json\/wp\/v2\/types\/product"}],"wp:featuredmedia":[{"embeddable":true,"href":"https:\/\/www.cieffeplast.com\/pt-pt\/wp-json\/wp\/v2\/media\/11228"}],"wp:attachment":[{"href":"https:\/\/www.cieffeplast.com\/pt-pt\/wp-json\/wp\/v2\/media?parent=11226"}],"wp:term":[{"taxonomy":"product_brand","embeddable":true,"href":"https:\/\/www.cieffeplast.com\/pt-pt\/wp-json\/wp\/v2\/product_brand?post=11226"},{"taxonomy":"product_cat","embeddable":true,"href":"https:\/\/www.cieffeplast.com\/pt-pt\/wp-json\/wp\/v2\/product_cat?post=11226"},{"taxonomy":"product_tag","embeddable":true,"href":"https:\/\/www.cieffeplast.com\/pt-pt\/wp-json\/wp\/v2\/product_tag?post=11226"}],"curies":[{"name":"wp","href":"https:\/\/api.w.org\/{rel}","templated":true}]}}

Abraçadeiras com olhal

<p><strong>ABRAÇADEIRAS COM OLHAL</strong></p>
<p>As abraçadeiras de cablagem produzidas em PA6.6 em cor natural recomendam-se para fixação através de um parafuso em qualquer suporte, como um painel. Recomendadas para quadros de distribuição, fixações temporárias e cablagem especial.</p>
<p>Através do sistema de acoplamento entre dente e cremalheira, permitem a fixação de vários diâmetros.</p>
<p>Em caso de aplicação com o uso de uma ferramenta, recomenda-se o ajuste correto da tensão da mesma proporcionalmente ao tamanho da abraçadeira.</p>
